{"id":2,"date":"2010-12-01T19:29:14","date_gmt":"2010-12-02T01:29:14","guid":{"rendered":"http:\/\/noestamostodxs.noblogs.org\/?page_id=2"},"modified":"2013-07-05T18:42:43","modified_gmt":"2013-07-05T23:42:43","slug":"info","status":"publish","type":"page","link":"https:\/\/noestamostodxs.noblogs.org\/?page_id=2","title":{"rendered":"Quienes somos"},"content":{"rendered":"<p>&nbsp;<\/p>\n<p>El <strong>Grupo de Trabajo \u201cNo estamos todxs\u201d<\/strong> nace en San Crist\u00f3bal de las Casas, Chiapas en Agosto de 2010 en el marco de la Campa\u00f1a \u201c\u00a1Primero Nuestr@s Pres@s!\u201d lanzada por la Comisi\u00f3n Sexta del EZLN en septiembre de 2008.<\/p>\n<p>En el caminar de La Otra Campa\u00f1a existen diferentes luchas: la defensa de los recursos naturales como la tierra, los bosques y el agua, del territorio, el trabajo, contra las altas tarifas energ\u00e9ticas, por la autonom\u00eda\u2026 Esas luchas y organizaciones han provocado que el Estado responda con represi\u00f3n a trav\u00e9s de los tres niveles de Gobierno (federal, estatal y municipal) y ejecutado por los diferentes cuerpos policiales, militares y paramilitares.<\/p>\n<p>El estado mexicano utiliza el instrumento de la represi\u00f3n pol\u00edtica para destruir los procesos de unidad y organizaci\u00f3n. Este tipo de violencia tiene varios objetivos, por un lado persigue a los luchadores sociales, pero por otro muchas veces implica a personas que no son parte del mismo movimiento.<\/p>\n<p>Las estrategias que usa son la tortura, la persecuci\u00f3n, la desaparici\u00f3n forzada y la prisi\u00f3n pol\u00edtica. Estas herramientas pretenden romper el tejido social, criminalizar la protesta mostrando una imagen distorsionada de la gente que lucha (mostrando a l@s activistas como delincuentes), e intimidar a la poblaci\u00f3n a trav\u00e9s de una pol\u00edtica de miedo que busca impedir que se generen procesos de solidaridad y organizaci\u00f3n.<\/p>\n<p>Cualquiera de nosotras y nosotros puede encontrarse en esta situaci\u00f3n. Por eso desde Chiapas, asumimos que los y las luchadores sociales secuestrados por el Estado y encarcelados en prisi\u00f3n, son nuestros presos y presas. Nuestra acci\u00f3n, nuestra voz, nuestra energ\u00eda colectiva se ha organizado para trabajar por y para la libertad de todas las personas que luchan y resisten, tanto dentro como fuera de la c\u00e1rcel.<\/p>\n<p>Nuestro<strong> Grupo de Trabajo<\/strong> tiene como<strong> objetivos <\/strong>los mismos de la campa\u00f1a \u00abPrimero Nuestrxs Presxs\u00bb, m\u00e1s otras tareas especificas:<\/p>\n<p>* Luchar de manera permanente por la libertad de tod@s nuestr@s compa\u00f1er@s pres@s pol\u00edtic@s hasta el momento de su excarcelaci\u00f3n.<\/p>\n<p>* Reconocerl@s, llam\u00e1ndoles por su nombre, recuperar su rostro, su lucha y sus ideales, pues el Estado con sus c\u00e1rceles ha intentado dejarlos en el olvido, arrebat\u00e1ndoles su identidad, tratando de quebrantar su esp\u00edritu y a los movimientos por medio de la detenci\u00f3n y del miedo.<\/p>\n<p>* Difundir la situaci\u00f3n de nuestr@s pres@s pol\u00edticos y los esfuerzos organizativos generados por su libertad.<\/p>\n<p>* Establecer una mayor comunicaci\u00f3n con los colectivos, organizaciones, pueblos e individu@s que trabajan directamente en la lucha por la libertad de l@s pres@s pol\u00edtic@s, en M\u00e9xico y en el mundo, para poder establecer una coordinaci\u00f3n en las acciones y trabajos realizados por cada cual.<\/p>\n<p>* Tratar de fomentar y reforzar aquellas alternativas colectivas de autonom\u00eda econ\u00f3mica que posibiliten una vida digna al interior de las c\u00e1rceles y que permitan seguir construyendo y fortaleciendo su proceso organizativo en el marco de la Sexta Declaraci\u00f3n de la Selva Lacandona.<\/p>\n<p>&#8212;&#8212;&#8212;&#8212;&#8212;&#8212;<\/p>\n<p>A trav\u00e9s de estas lineas pretendemos hacer una presentaci\u00f3n del grupo de trabajo en Chiapas y enmarcar nuestra acci\u00f3n en el contexto actual. Por otra parte, estamos en el camino de hacer llegar la voz de los presos y presas pol\u00edticas a todos los rincones de Chiapas, de M\u00e9xico y del mundo y para ello nos gustar\u00eda contar con la participaci\u00f3n de su organizaci\u00f3n.<\/p>\n<p>Pedimos permiso para hacerles llegar las noticias urgentes, comunicados, eventos y cualquiera otra acci\u00f3n que pudiera surgir en el Marco de la Campa\u00f1a \u201c\u00a1Primero Nuestr@s Pres@s!\u201d y que ustedes lo difundan en la manera y canales que les sea posible.<\/p>\n<p>Si estan interesad@s, nos pueden escribir a <a href=\"mailto:noestamostodxs@riseup.net\">noestamostodxs@riseup.net<\/a><\/p>\n<p>\u00a1\u00a1Si nos tocan a un@, nos tocan a todxs!!<br \/>\n\u00a1Viva LA OTRA CAMPA\u00d1A!<\/p>\n<p><a href=\"http:\/\/primeronuestrxspresxs.wordpress.com\/\" target=\"_blank\">http:\/\/primeronuestrxspresxs.wordpress.com\/<\/a><br \/>\n<a href=\"https:\/\/noestamostodxs.noblogs.org\/\" target=\"_blank\"> http:\/\/noestamostodxs.noblogs.org\/<\/a><\/p>\n<p style=\"text-align: center\">&#8212;&#8212;&#8212;&#8212;&#8212;&#8212;&#8212;&#8212;&#8212;&#8212;&#8212;&#8212;&#8212;&#8212;&#8212;&#8212;&#8212;&#8212;&#8212;-<\/p>\n<p><strong>En contra de las prisiones<\/strong><\/p>\n<p><em>Un analisis que se fue formando a lo largo de nuestro andar adentro y afuera de los penales <\/em><strong><br \/>\n<\/strong><\/p>\n<p lang=\"es-ES\">Preguntarnos si las prisiones cumplen su prop\u00f3sito de reeducaci\u00f3n y readaptaci\u00f3n del individuo\/a a la sociedad, pierde todo su sentido t\u00e1cito e incluso \u00e9tico, si comenzamos a valorar la pregunta desde el aspecto pol\u00edtico-social de las sociedades dominantes actuales. Aun as\u00ed, sin entrar en ese tipo de argumentaciones, la prisi\u00f3n en s\u00ed, para nada cumple con ese sentido reformador que es la supuesta intenci\u00f3n institucional.<\/p>\n<p lang=\"es-ES\">La permanencia del ser humano entre muros, el trato vejatorio, los regimenes de incomunicaci\u00f3n, la tortura expl\u00edcitamente f\u00edsica, la dispersi\u00f3n para la desestructuraci\u00f3n pol\u00edtica, el alejamiento del\/a pres@ de su lugar de residencia&#8230; son s\u00f3lo algunas de las actuales herramientas del sistema carcelario que se han convertido ya en lugares comunes para mucha de la poblaci\u00f3n reclusa, evidenciando claramente que el r\u00e9gimen carcelario del sistema capitalista es un r\u00e9gimen punitivo, que no \u00fanicamente castiga al pres@, tambi\u00e9n a sus familiares y allegados.<\/p>\n<p lang=\"es-ES\">Como ya dijimos antes, los centros penitenciarios para nada cumplen con su supuesto objetivo de reinserci\u00f3n si no todo lo contrario, la prisi\u00f3n es generadora de comportamientos delictivos, es claramente la mejor escuela del crimen, s\u00f3lo hay que ver que un alto porcentaje de la poblaci\u00f3n reclusa reincide. La lucha continua del\/la pres@ por mantener ya no intacta, si no al menos m\u00ednima o parcialmente integra su dignidad, le puede llevar ha vivir la prisi\u00f3n como un enfrentamiento directo y diario con l@s custodi@s, y padecer toda una serie de repercusiones inevitables, como el incremento de los abusos de poder, la perdida de \u201cprivilegios\u201d y la aplicaci\u00f3n de nuevas condenas que alarguen la estancia en prisi\u00f3n. De lo contrario, de no darse este choque, el\/la pres@ sufre un inevitable proceso de despersonalizaci\u00f3n, producido en gran parte por la imposibilidad de la toma de decisiones m\u00e1s b\u00e1sicas y el trato vejatorio que padece.<\/p>\n<p lang=\"es-ES\">Las c\u00e1rceles del actual sistema capitalista son en s\u00ed un instrumento de amenaza, de manejo estructurado del miedo para condicionar el comportamiento social. La estructura que permite a los gobiernos mantener al sujeto com\u00fan y pol\u00edtico controlado bajo la amenaza del miedo constante. Es tambi\u00e9n administrador de mano de obra extremadamente barata para el lucro personal de las multinacionales, ya que en prisi\u00f3n se reciben salarios irrisorios al compararlo con igual trabajo fuera de ella. La c\u00e1rcel pues, es un genocidio entre muros, es una maquila infernal que descuartiza la dignidad, la integridad, los sentimientos y la vida del pres@.<\/p>\n<p lang=\"es-ES\">Aun as\u00ed dentro de las c\u00e1rceles se dan lazos de solidaridad inquebrantables, dif\u00edcil de gestarse tan fuertemente en otros contextos. La organizaci\u00f3n interna de los pres@s politic@s nos demuestra que la prisi\u00f3n no es m\u00e1s que un cambio de escenario (con toda su crudeza) donde seguir o gestar la lucha, donde los m\u00e1s \u201cpeque\u00f1os\u201d logros son una victoria que les hace m\u00e1s libres, ya que la libertad comienza donde empieza la lucha.<\/p>\n<p lang=\"es-ES\">Tambi\u00e9n, y como algo que deber\u00eda plantearse desde un aspecto inspirador y esperanzador, en muchas comunidades ind\u00edgenas de M\u00e9xico se esta llevando a cabo una forma alternativa e antagonista a los modos de impartir justicia de las sociedades dominantes. Donde la persona que delinque, no es encerrada, no es alejada de sus familiares imposibilitando ya no s\u00f3lo el desarrollo de la familia, si no la sobrevivencia misma, si no que cumple la \u201ccondena\u201d en su comunidad. Es puesta a valoraci\u00f3n de la asamblea, y all\u00e1 se deciden los trabajos que deber\u00e1 de realizar como aportaci\u00f3n a las necesidades comunitarias. En este tiempo estar\u00e1 bajo vigilancia de los propios comuneros, que ser\u00e1n los que valoren su rehabilitaci\u00f3n. Tenemos el ejemplo claro (entre otros, como son muchas de las comunidades zapatistas de Chiapas) de la polic\u00eda comunitaria de Guerrero, como ejemplo de autonom\u00eda y desarrollo de una justicia interna, que trata dignamente a quien comete el delito y a sus familiares, y cumple claramente con el aspecto reformador.<\/p>\n<p lang=\"es-ES\">Por ello pensamos que tod@ pres@ es v\u00edctima y reh\u00e9n del sistema, a\u00fan m\u00e1s tomando en cuenta que la gran mayor\u00eda de las personas detenidas son hombres, mujeres, j\u00f3venes que se enfrentaron a una realidad hecha de pobreza, discriminaci\u00f3n y falta de alternativas. El sistema capitalista y colonial se rige sobre la explotaci\u00f3n de la gran mayor\u00eda de la poblaci\u00f3n pero al mismo tiempo necesita atemorizar, disciplinar y castigar esta gran muchedumbre que genera la plusval\u00eda que se acaparan los ricos y los poderosos.<\/p>\n<p lang=\"es-ES\">En esta guerra social, en donde la c\u00e1rcel juega un papel trascendental, hay un estrago de v\u00edctimas. En Chiapas (al igual que en otros estados de M\u00e9xico), los y las ind\u00edgenas sufren una discriminaci\u00f3n m\u00e1s, siendo blanco de las pol\u00edticas coloniales y por ello los penales est\u00e1n repletos de mayas. Nosotr@s luchamos para acabar el sistema capitalista y colonial y, desde luego, deseamos un mundo donde ya no se encierre a la gente s\u00f3lo por ser pobre, ind\u00edgena o no tener alternativas viables para mantener su familia. A lo mejor, un mundo sin c\u00e1rceles y con la posibilidad de que la justicia se ejerza desde abajo y sin venganza, como demuestran los experimentos sociales ya mencionados en el Guerrero de la Polic\u00eda Comunitaria y en el Chiapas de las Juntas de Buen Gobierno.<\/p>\n<p lang=\"es-ES\">Con la esperanza en el coraz\u00f3n de ver salir libre cada persona detenida y de abrir las puertas de las prisiones como en el aquel primero de enero del 1994, cuando l@s zapatistas insurrect@s corrieron a los custodios del CERESO 5 de Los Llanos y dejaron libres a la gente ah\u00ed encerrada, enfocamos nuestros esfuerzos en la difusi\u00f3n, la movilizaci\u00f3n y el acompa\u00f1amiento a l@s pres@s pol\u00edtic@s de la Otra Campa\u00f1a, es decir en aquellas personas que sentimos como hermanas, que adentro de las c\u00e1rceles luchan para concientizar a la poblaci\u00f3n carcelaria, que no canjean su libertad a cambio de la desarticulaci\u00f3n de sus organizaciones o luchas, y que no piden permiso para ser libres, a\u00fan adentro de las celdas en donde el Poder l@s puso.<\/p>\n<p lang=\"es-ES\">A ell@s nuestro respeto y esfuerzo.<\/p>\n","protected":false},"excerpt":{"rendered":"<p>&nbsp; El Grupo de Trabajo \u201cNo estamos todxs\u201d nace en San Crist\u00f3bal de las Casas, Chiapas en Agosto de 2010 en el marco de la Campa\u00f1a \u201c\u00a1Primero Nuestr@s Pres@s!\u201d lanzada por la Comisi\u00f3n Sexta del EZLN en septiembre de 2008. &hellip; <a href=\"https:\/\/noestamostodxs.noblogs.org\/?page_id=2\">Sigue leyendo <span class=\"meta-nav\">&rarr;<\/span><\/a><\/p>\n","protected":false},"author":2317,"featured_media":0,"parent":0,"menu_order":1,"comment_status":"closed","ping_status":"closed","template":"pages.php","meta":{"footnotes":""},"class_list":["post-2","page","type-page","status-publish","hentry"],"_links":{"self":[{"href":"https:\/\/noestamostodxs.noblogs.org\/index.php?rest_route=\/wp\/v2\/pages\/2","targetHints":{"allow":["GET"]}}],"collection":[{"href":"https:\/\/noestamostodxs.noblogs.org\/index.php?rest_route=\/wp\/v2\/pages"}],"about":[{"href":"https:\/\/noestamostodxs.noblogs.org\/index.php?rest_route=\/wp\/v2\/types\/page"}],"author":[{"embeddable":true,"href":"https:\/\/noestamostodxs.noblogs.org\/index.php?rest_route=\/wp\/v2\/users\/2317"}],"replies":[{"embeddable":true,"href":"https:\/\/noestamostodxs.noblogs.org\/index.php?rest_route=%2Fwp%2Fv2%2Fcomments&post=2"}],"version-history":[{"count":39,"href":"https:\/\/noestamostodxs.noblogs.org\/index.php?rest_route=\/wp\/v2\/pages\/2\/revisions"}],"predecessor-version":[{"id":1797,"href":"https:\/\/noestamostodxs.noblogs.org\/index.php?rest_route=\/wp\/v2\/pages\/2\/revisions\/1797"}],"wp:attachment":[{"href":"https:\/\/noestamostodxs.noblogs.org\/index.php?rest_route=%2Fwp%2Fv2%2Fmedia&parent=2"}],"curies":[{"name":"wp","href":"https:\/\/api.w.org\/{rel}","templated":true}]}}